/r.
19
Suppose -41*y = -64673 + 7150. List the prime factors of y.
23, 61
Suppose d = -7*r + 3*r + 18, 3*r + 3*d - 18 = 0. Suppose 4*n + 3*i - 303 = 0, 0*n + r*i = -n + 66. List the prime factors of n.
2, 3, 13
Suppose 5*x - 2*x + 4*f - 130 = 0, 5*f = -4*x + 173. Let i = x + -19. What are the prime factors of i?
23
Let s(i) = -2*i - i + 30 + 2*i. Let q be (-2)/(-8) + 7/(-28). List the prime factors of s(q).
2, 3, 5
Suppose 5*c - 16 = 4*c. Suppose -2*m + c = -76. What are the prime factors of m?
2, 23
Suppose -5*j = -12 - 33. What are the prime factors of (1/(-2))/(31976/(-3552) + j)?
2, 3, 37
Suppose 0 = 5*z - 2*z - 15. What are the prime factors of 125 - 5/z*3?
2, 61
Suppose 3*u + 2*u + 150 = 0. Let j = 40 + u. What are the prime factors of j?
2, 5
List the prime factors of 1*(-5)/(-2)*263592/630.
2, 523
Let g(m) = 3*m - 21. Let i be g(9). Let v(c) = 2*c**2 - c + 6. List the prime factors of v(i).
2, 3
What are the prime factors of (1/(-3))/((-8)/(-48)) + 587?
3, 5, 13
Let w be -30*-20*1/3. Let i = w + -134. What are the prime factors of i?
2, 3, 11
Let f(g) = g**2 - 45. Let h be f(0). Let u = -8 - h. What are the prime factors of u?
37
Suppose -4*c + 57 + 438 = 5*a, 4*a = 12. List the prime factors of c.
2, 3, 5
Let n(o) = -106*o + 918. List the prime factors of n(-6).
2, 3, 7, 37
Let n be -2 - -2 - (-2 - 2). Let w(z) = 2*z - 1 - n*z + z + 2. What are the prime factors of w(-7)?
2
Let h = -729 - -1260. What are the prime factors of h?
3, 59
Suppose -2*z = 4*u - 1308 + 142, 5*u - 2341 = -4*z. List the prime factors of z.
19, 31
Suppose 5*r - 883 - 217 = 0. Suppose 4*p - r = 12. List the prime factors of p.
2, 29
Suppose -3*u - 12751 = -13*t + 8*t, 0 = 4*t + 4*u - 10220. List the prime factors of t.
2, 11, 29
Suppose 2*n - 2*t + 6 = 0, 0 = 3*n - 4*n - 5*t + 21. List the prime factors of ((-36)/(-30))/(n*2/155).
3, 31
List the prime factors of 28135/6 - 44/264.
3, 521
Suppose -86 = -4*k - 2*w - w, w + 18 = k. Let r = k + -31. Let h(b) = -5*b - 1. List the prime factors of h(r).
2, 3
Let c(t) = 3*t - 11. Let j be -3 + 0 - (-2 + -1). Suppose 3*w - 5*w - 30 = -2*m, 5*w + 10 = j. What are the prime factors of c(m)?
2, 7
Suppose 0 = -37*l - 10528 + 66065. List the prime factors of l.
19, 79
Suppose 30*t + 125 = 25*t. Let j = t - -29. What are the prime factors of j?
2
Suppose 6 = -5*q - 14. List the prime factors of 243/7 + q/(-14).
5, 7
Let j(c) = -3*c + 25. Let l be j(10). List the prime factors of (-337)/l + (-10)/125*5.
67
Suppose v = -5*m + 130, -5*m - 2*v + 130 = 2*v. Let u = m - -7. Suppose -d - 50 = -4*r + u, 4*r = -5*d + 89. What are the prime factors of r?
3, 7
Let d = -19 + -11. List the prime factors of 5/(-10) - d/4.
7
Suppose 6*u = -q + 10*u + 60, 4*q - 310 = 2*u. Suppose -3*v = -k + 28 + q, -5*k + 464 = 4*v. What are the prime factors of k?
2, 3
Let v be 7 + -5 - (-486)/2. Let z = -131 + v. List the prime factors of z.
2, 3, 19
Suppose -43*r + 47*r = 3232. List the prime factors of r.
2, 101
Suppose -3*b - b = -4. Let x = -1 - b. Let o = x + 19. What are the prime factors of o?
17
Let r(p) = -p**3 + 9*p**2 + 2*p - 6. Let v be r(5). Suppose 4*d - v = -4*y, -5*d - 8 = 12. What are the prime factors of y?
2, 3, 5
Let v(b) = 7*b + 19. Suppose 0 = 2*u + 2*u - 28. List the prime factors of v(u).
2, 17
Let t be (-2 + 0 - -1) + 4. Suppose t*m = 4*m - 98. What are the prime factors of m?
2, 7
Suppose 0 = 3*a + 277 + 62. Let t = 187 + a. What are the prime factors of t?
2, 37
Let o be 22/(-77) + 100/7. Let u be -1 - (-7)/(o/4). What are the prime factors of ((-50)/(-14) - u)*7?
2, 3
Let c(n) = -n**3 + 11*n**2 - 29*n + 10. Let m be c(8). List the prime factors of (-2 - m/5) + 12/2.
2, 5
Suppose 13*s - 1772 = 9*s. List the prime factors of s.
443
Let l be (5525/(-10))/((-1)/2). Let h be l/15 + (-12)/(-9). Suppose -h = -7*q + 2*q. List the prime factors of q.
3, 5
Let a(l) = 4*l**3 + 8*l**2 - 18*l + 9. What are the prime factors of a(5)?
619
Let y(d) be the third derivative of -19*d**5/20 - d**4/12 - d**3/6 - 5*d**2. Let j be y(-1). List the prime factors of 9/(-27) + j/(-6).
3
Suppose -3*s = 5*m + 15, 4*m - 6 = -2*s - 18. What are the prime factors of 10 + s/(-4 - -8)?
2, 5
Let k be 0/(-4 + (0/2 - -3)). Suppose 2*j - 350 + 124 = k. What are the prime factors of j?
113
Suppose 5*w = p + 707, -256 = -4*w - 4*p + 324. What are the prime factors of w?
2, 71
Let g(h) = 8*h**2 + 3*h + 4. Let t be g(-2). List the prime factors of (2 - t)/(10/(-20)).
2, 7
Let f = 9 + -4. Suppose -f*d + 77 = -63. What are the prime factors of d?
2, 7
Let a(y) = -y**3 - 21*y**2 - 21*y - 22. Let x be a(-20). Let w = 11 + 2. Let i = w + x. What are the prime factors of i?
11
Let a(n) = n**2 - 10*n + 10. Let r(k) = 44*k**2 - k - 8*k + k - 45*k**2 - 4. Let v be r(-5). List the prime factors of a(v).
3, 7
Let t(b) = 2*b**3 + 67*b**2 + 58*b + 48. List the prime factors of t(-32).
2, 79
Let j be -10*(-4)/4*1. Suppose h - 3*h + j = 0. Suppose l + h*v - 42 = v, -v + 42 = l. List the prime factors of l.
2, 3, 7
Suppose 5*a - 2*a - 18 = 0. Let g = 1 + -1. Let q = g + a. List the prime factors of q.
2, 3
Let j be -121 - (4/2 - -2). Let z = j - -235. List the prime factors of z.
2, 5, 11
Let b(d) = -23*d**3 - d - 1. Let i = -4 - 0. Let g = 3 + i. List the prime factors of b(g).
23
Let c be (-4)/(-6)*6/(-4). Let i = -27 - -30. Let n = c + i. What are the prime factors of n?
2
Suppose -2*v + 5*b = -23, -5*v + b = 2*b - 44. Let k(n) = -n**3 + 10*n**2 - 11*n + 20. Let a be k(v). What are the prime factors of (3/a)/((-72)/(-336))?
7
What are the prime factors of ((-30)/(-6))/((-3)/(-255))?
5, 17
Suppose 16 - 36 = -2*m. Suppose -m = -2*w - 4*d, -2*w + 2*d = -w - 1. List the prime factors of w.
3
Let a be 115*((-3)/(-5) - 0). Let s = -7 + 9. Suppose -n - s*n = -a. List the prime factors of n.
23
Let s = 104 + -146. Let x = s + 280. List the prime factors of x.
2, 7, 17
Let s be 2*(-5)/(-3 - 2). Suppose s*p - 23 = 167. List the prime factors of p.
5, 19
Let f(z) = -z**3 + 13*z**2 - 12*z + 8. Let w be 1*(-4 + 0 - -13). Suppose 30 = 2*m - 3*u - w, 4*u + 32 = m. List the prime factors of f(m).
2
Let x(c) = c**3 - 33*c**2 - 19*c + 24. What are the prime factors of x(34)?
2, 3, 89
Suppose 0*k - 5*k + 1115 = 0. Let h = -49 + k. List the prime factors of h.
2, 3, 29
Let k(x) = x**2 - 8*x - 72. What are the prime factors of k(-13)?
3, 67
Let h(a) = -1881*a + 14. List the prime factors of h(-2).
2, 59
Let a be (-22)/(-55) + (-36)/(-10). Let o(v) = 7*v + 2. Let c be o(a). Suppose c = 2*w + w. What are the prime factors of w?
2, 5
Suppose -5*k = -2*a + 13, -4*k = -5*k + 3. Let d = a + 191. List the prime factors of d.
5, 41
Let j(m) = 16*m**2 - 4. Suppose 3*d = 5*o + 29, -3*d + 18 = -d - 3*o. Let a be j(d). Suppose 5*k + 4*f - a = 0, 4*f = f. List the prime factors of k.
2, 7
Let q(w) = 0 - 4*w**2 - 3*w - 1 + 2*w**2 - 87*w**3. Let j be q(-1). Suppose l = -2*l + j. List the prime factors of l.
29
Let f = 2765 + -1394. What are the prime factors of f?
3, 457
Let l(u) = -18*u - 20. Let z be l(-3). Let r = 0 - 2. List the prime factors of r - -5 - z/(-2).
2, 5
Suppose -4*n - d + 1008 - 201 = 0, -4*n = -3*d - 795. List the prime factors of -1*n/(1 - 4) - 2.
5, 13
Suppose 3*m + 54 = -15. Let q = m + 25. List the prime factors of q.
2
Let w(n) = 2*n**3 + 2*n**2 + n - 5. Let x be w(3). Suppose -l = 5*o - x, 5*l + 40 - 366 = -o. List the prime factors of l.
5, 13
Let s be (-32)/(-3) - 16/(-48). Suppose 0 = s*y - 6*y - 610. What are the prime factors of y?
2, 61
Let f(b) = -b**3 - 11*b**2 + 13*b + 14. Let h be f(-12). Let r be 24/13 + h/13. Suppose -r*j = 2*g - 70, 2*g - 58 = j - 0*j. What are the prime factors of g?
31
Let x(i) = -210*i - 217. List the prime factors of x(-15).
7, 419
Suppose 0 = -5*m + 25, 2*m = 8*v - 4*v + 2. Suppose -2*h - 3*n = -49, 0 = v*h + 2*n + 2*n - 44. Suppose o - h = 8. What are the prime factors of o?
2, 5
Let t = 97 + -97. Suppose -64 = -r - 3*r. Suppose k = -t*k + r. List the prime factors of k.
2
Suppose 2*n - 6 = 0, -6*q = -8*q + 3*n + 1723. What are the prime factors of q?
2, 433
Suppose -3240 = 9*t - 15*t. What are the prime factors of t?
2, 3, 5
Let p be 2265/30 - (0 - 1/(-2)). Suppose p = -q + 6*q. List the prime factors of q.
3, 5
Let m = -20 + 94. What are the prime fact